0ed4
-235155 (base 8) to base 6
-1420353
Convert -1da82 (base 14) to base 12.
-380aa
Convert -221203430 (base 5) to base 14.
-1adb3b
Convert -ab53 (base 13) to base 4.
-11311121
23001331303 (base 4) to base 6
141551111
Convert 36322 (base 12) to base 13.
27320
What is 217909 (base 10) in base 5?
23433114
-17472 (base 9) to base 10
-12053
Convert -1133200 (base 7) to base 9.
-236771
What is -22227 (base 16) in base 14?
-38d4b
-bc126 (base 15) to base 14
-117b24
What is 5022413 (base 6) in base 8?
715651
What is -47330 (base 8) in base 13?
-9258
-801727 (base 12) to base 4
-13212223033
2366107 (base 8) to base 10
650311
14346 (base 16) to base 7
463164
What is 150552111 (base 6) in base 7?
35364112
Convert 121211443 (base 5) to base 16.
8b117
What is -101214431 (base 5) in base 6?
-12511245
What is 101000001100001111100001 (base 2) in base 16?
a0c3e1
30212221 (base 4) to base 11
35872
124580 (base 9) to base 10
75564
What is 104300044 (base 5) in base 11?
296557
Convert -438541 (base 9) to base 16.
-40009
What is -5545012 (base 6) in base 16?
-43fa0
748ac (base 14) to base 15
5868d
Convert 1122120032 (base 5) to base 10.
2535642
56d2 (base 16) to base 4
11123102
Convert 2618b (base 12) to base 11.
36156
-13455122 (base 6) to base 13
-130994
Convert 45073 (base 8) to base 15.
596d
What is -71390 (base 11) in base 3?
-12022001020
What is -1b61a (base 15) in base 11?
-60a63
What is -88746 (base 9) in base 15?
-126d9
Convert -1830d (base 16) to base 6.
-2042421
1000001010111011 (base 2) to base 12
1744b
-11111011010010101011 (base 2) to base 5
-230414131
Convert 124723 (base 11) to base 5.
22242104
604a2 (base 11) to base 15
1b312
What is 105774 (base 8) in base 14?
d0ba
What is -10111122 (base 7) in base 9?
-1524533
Convert 40051431 (base 8) to base 13.
1985b7c
What is -20211021022 (base 3) in base 11?
-91a21
What is 2201211221120 (base 3) in base 6?
51053323
Convert 11300313 (base 4) to base 15.
6edc
What is -391605 (base 10) in base 12?
-16a759
10010332 (base 5) to base 9
130132
264509 (base 10) to base 5
31431014
Convert 1bca1 (base 16) to base 9.
183122
Convert 15324543 (base 6) to base 11.
339958
What is 928647 (base 11) in base 2?
101101011110011110110
What is -3003332 (base 5) in base 7?
-255011
-100012002000021 (base 3) to base 4
-102220012201
What is a93c25 (base 16) in base 13?
23b4315
Convert -432131 (base 5) to base 4.
-3211022
What is -2023325 (base 6) in base 5?
-11043202
10523 (base 7) to base 14
d83
Convert 20011012002010 (base 3) to base 11.
193467a
14423123 (base 5) to base 11
a6327
What is -311410021 (base 5) in base 11?
-7a3830
Convert -6972ac (base 13) to base 16.
-26283a
-11011110110011111111 (base 2) to base 4
-3132303333
Convert -12340342220 (base 5) to base 16.
-e773b3
-3136a (base 12) to base 13
-23449
What is -51434243 (base 6) in base 14?
-2a829d
What is 20423313 (base 7) in base 8?
6437756
What is 16862b (base 12) in base 5?
44403341
What is 5313560 (base 8) in base 2?
101011001011101110000
2014411101 (base 5) to base 4
33133033313
Convert -52aa9a6 (base 11) to base 10.
-9340832
What is 126466 (base 9) in base 2?
10010110010000001
What is 1720172 (base 8) in base 15?
9d174
Convert 4a3cd (base 15) to base 9.
401234
Convert 827402 (base 10) to base 5.
202434102
What is -10127548 (base 9) in base 13?
-1012565
What is -493082 (base 11) in base 8?
-2763430
What is 31296 (base 11) in base 14?
12893
What is 1001101010100101101001 (base 2) in base 15?
350b0c
What is -18ece2 (base 16) in base 9?
-3058666
Convert -488051 (base 9) to base 6.
-10151414
What is 176447 (base 13) in base 14?
113357
Convert -10142311 (base 5) to base 4.
-110201301
What is -3844a (base 11) in base 2?
-1101011101000101
Convert -187aab8 (base 12) to base 15.
-6b8252
-25032461 (base 9) to base 6
-1114240131
Convert -20311 (base 5) to base 7.
-3611
What is -12010001120 (base 3) in base 10?
-100644
What is 1212121110 (base 4) in base 16?
66654
Convert -180f8 (base 16) to base 9.
-160162
Convert -4b355b (base 14) to base 6.
-131211033
Convert -5b517d (base 15) to base 9.
-8201751
Convert 94d2b (base 16) to base 14.
11c215
What is -1213687 (base 13) in base 2?
-10101011000100100101000
Convert -71249 (base 16) to base 9.
-775635
What is -7742706 (base 10) in base 15?
-a2e206
What is -8c0b (base 16) in base 5?
-2121401
3021364 (base 7) to base 6
11402421
Convert 66097 (base 14) to base 15.
4d32d
What is 11333330032 (base 4) in base 8?
5777416
What is 52608 (base 9) in base 14?
c949
What is -2a937 (base 15) in base 14?
-37d53
What is 6421070 (base 8) in base 10?
1712696
Convert -3214511 (base 6) to base 3.
-22000112221
Convert 1698a4 (base 11) to base 5.
31340313
Convert 2470604 (base 8) to base 6.
22400340
Convert -1100011110110000000011 (base 2) to base 5.
-1314143213
-75898 (base 16) to base 9
-813354
What is 101089 (base 11) in base 7?
1244462
What is -112a7 (base 11) in base 12?
-954b
What is 100100010011101 (base 2) in base 15?
5794
-504648 (base 9) to base 13
-a5c53
What is 352235 (base 7) in base 2?
1111011100000100
-1054225 (base 7) to base 6
-2451051
Convert 4896369 (base 10) to base 11.
2844795
-11020012102 (base 3) to base 16
-14534
-4dad1d (base 14) to base 4
-22032132033
What is -12418b (base 12) in base 9?
-503038
Convert -cd739 (base 14) to base 12.
-2002b3
Convert -1b70b7 (base 13) to base 2.
-10101011001001000001
Convert -40405310 (base 6) to base 4.
-10121100222
4502 (base 11) to base 3
22010200
What is 2134551 (base 8) in base 5?
121244003
-25d94 (base 15) to base 13
-43213
-40113041 (base 5) to base 13
-b1185
-1120021110 (base 3) to base 7
-155565
What is 40215103 (base 6) in base 8?
4256057
5223310 (base 6) to base 9
423836
Convert 52345466 (base 7) to base 9.
8268212
9bb44 (base 16) to base 11
3a6186
What is 1302222131 (base 4) in base 7?
3664163
Convert 222122211222112 (base 3) to base 8.
66031377
Convert 336806 (base 10) to base 12.
142ab2
-11102323121 (base 5) to base 10
-12151661
Convert 31311300 (base 6) to base 14.
19a20c
Convert 476714 (base 8) to base 14.
43708
Convert -54580 (base 12) to base 8.
-331460
-4532348 (base 9) to base 15
-333a42
-267a60 (base 14) to base 15
-1b3481
Convert -4101202 (base 5) to base 2.
-10000000100001010
What is 2376550 (base 9) in base 8?
4731034
Convert 10002342 (base 7) to base 5.
202340111
What is -1cd68f (base 16) in base 7?
-22031005
What is 314022 (base 8) in base 11?
7153a
Convert 30390 (base 10) to base 13.
10aa9
What is 609f6a (base 16) in base 8?
30117552
Convert -3014200302 (base 5) to base 6.
-332423023
Convert 134120300 (base 5) to base 16.
a8eee
Convert 1222022312 (base 4) to base 15.
88cb5
Convert -22001021020 (base 3) to base 11.
-a8aaa
15277247 (base 8) to base 5
1344141311
What is -141507 (base 9) in base 4?
-111012202
-10010220221000 (base 3) to base 2
-110011000000101110111
What is -1010010101010101100 (base 2) in base 10?
-338604
887115 (base 9) to base 16
8169e
Convert 191764a (base 11) to base 16.
3186be
Convert 425364 (base 7) to base 15.
16d93
What is 1112000022001 (base 3) in base 15?
10e29a
Convert 66153 (base 8) to base 2.
110110001101011
-25b46 (base 16) to base 8
-455506
-26a5486 (base 12) to base 10
-7681638
What is -3e750 (base 16) in base 3?
-110222220222
What is -18077282 (base 9) in base 15?
-be7128
What is 477704 (base 8) in base 11?
102061
Convert -21212422 (base 5) to base 3.
-100002200210
Convert -731978 (base 13) to base 14.
-4ddb15
-366541 (base 9) to base 14
-5a933
-ee6e08 (base 15) to base 3
-210101022122222
Convert 6886822 (base 10) to base 3.
110221212221111
What is 222122212011 (base 3) in base 13?
154b25
Convert 51321 (base 12) to base 6.
2134041
What is -352224 (base 7) in base 4?
-33123330
-131220202 (base 4) to base 2
-11101101000100010
Convert -726045 (base 11) to base 3.
-2012011122002
What is a6a51 (base 11) in base 4?
212000032
What is -34649 (base 15) in base 3?
-22110210120
Convert -12702045 (base 9) to base 4.
-113320133111
-3420232024 (base 5) to base 7
-121325055
What is -63352 (base 14) in base 3?
-110011101020
-be603 (base 16) to base 12
-317317
Convert 4d04a (base 16) to base 10.
315466
Convert -566693 (base 10) to base 3.
-1001210100122
What is -10101110220021 (base 3) in base 9?
-3343807
What is -3c627 (base 13) in base 9?
-182120
117b3